Suppose -9*t + 10 = -7*t. Suppose -t*o = 8 + 2. What is the tens digit of 24/16 - 33/o?
1
Let g(n) = n**3 - 2*n**2 + 8. Let q be g(3). Suppose z = q + 50. What is the units digit of z?
7
Let j(d) = 0*d + 8*d - 10 + 0*d. What is the units digit of j(9)?
2
Suppose -4*i + 2589 = 2*r - 3*r, 0 = 5*i + 3*r - 3249. What is the tens digit of i?
4
Suppose 0*b + b = 0. Suppose 3*h = -b*h + 12. What is the units digit of 168/9 - h/6?
8
Let z be ((-8)/20)/(1/(-5)). Suppose d + 2*a = 11, 3*d + 4 - 21 = -z*a. What is the units digit of 5 + (2 - d) - -2?
6
Suppose -2*u = -5*n - 5*u + 26, 4 = 3*n - 4*u. Suppose -3*c + c = -4*s - 36, n*c - 45 = 5*s. What is the tens digit of (-98)/(-6) + (-6)/s?
1
Suppose 3*k - 101 = 2*i, -128 = -4*k - 4*i - 0*i. Suppose 3*m - 6*m + k = 0. What is the units digit of m?
1
Let o(h) = h - 1. Let r be o(-10). Let b(i) = i**2 + 3*i - 2. What is the units digit of b(r)?
6
Let h be 25/(-9) + 3 + 32/18. Suppose 4*n - 596 = -4*v, h*v - 3*n - 14 = 259. What is the units digit of v?
4
Suppose 49*g - 44*g = 20, 0 = -2*h + 3*g + 1356. What is the units digit of h?
4
Let x = -317 + 493. What is the tens digit of x?
7
Let y(n) = -n**2 + 4*n - 1. Let x be y(3). Suppose q + 58 = 3*m - 32, -5*m + x*q + 149 = 0. What is the tens digit of m?
3
Let v = 135 + 828. What is the tens digit of v?
6
Let x = 207 - -9. Let q = -147 + x. What is the units digit of q?
9
Suppose n - 3 = -1. Let y(k) = 13*k - k - k - 8*k + 6*k**n. What is the tens digit of y(-3)?
4
Suppose 0 = 190*z - 159*z - 35774. What is the thousands digit of z?
1
Suppose 66 + 61 = f + 3*b, -5*f - 5*b = -615. Suppose 0 = 6*g - 71 - f. What is the units digit of g?
2
Suppose -5*o + 154 = 2*o. What is the tens digit of o?
2
Suppose -b + i - 2*i + 4 = 0, 11 = 5*b - 4*i. Suppose b*k = -c + 209, 20 = -5*k - 5*c + 385. What is the tens digit of k?
6
Let c = 529 - 470. What is the units digit of c?
9
Suppose b = 4*v - 74, 3*b + 2*b = 4*v - 290. What is the tens digit of (b/4)/(7/42*-1)?
8
Suppose -3*f - 4*z + 16 = 0, -4*f = -7*f - 2*z + 14. Suppose -y + 130 = -3*l, f*l + 72 = -5*y - 133. Let o = l - -75. What is the tens digit of o?
3
Let o(l) = 1257*l**2 - 2*l - 2. What is the tens digit of o(-1)?
5
Let u = 115 - 117. What is the units digit of u/5 + (0 - 3199/(-35))?
1
Let l(s) = -225*s**3 + 3*s**2 - 7*s - 18. What is the units digit of l(-2)?
8
Suppose 961*u = 972*u - 5808. What is the tens digit of u?
2
What is the thousands digit of (0 - -3) + 1167*1?
1
Let j(d) = -d + 15. Let o be j(10). Let v be (102/4)/(3/4). Suppose -o*w = -3*w + 4*b - v, 3*b + 57 = 4*w. What is the tens digit of w?
1
Suppose 712 = c + 4*k, -c - 2*k = 161 - 879. What is the tens digit of c/11 - (1 + (-26)/22)?
6
Let q(c) be the second derivative of -c**4/6 - 5*c**3/3 - c**2/2 + 5*c. Let j be q(-7). Let r = j - -50. What is the tens digit of r?
2
What is the units digit of (-1)/2 - (-11 - (-13380)/(-8))?
3
Let z = -6 - -9. Suppose -15 = -2*t - z. Suppose -40 = p - t*p. What is the units digit of p?
8
Let g(l) = 60*l + 43*l - 16*l + 3. What is the units digit of g(1)?
0
Suppose 0 = x + 5*u - 29, -2*x + 13 = u - 0*u. Suppose -x*s + 35 = 7. What is the units digit of s?
7
What is the tens digit of (-14075)/(-20) - (-3)/12?
0
Suppose 10*z + 248 = 11*z. What is the tens digit of z?
4
Let s(b) = -2*b**3 - b**2 - 6*b - 21. What is the units digit of s(-6)?
1
Let j(s) = s**2 - 9*s + 3. Let d be j(9). Suppose -m - 10 = -3*i + 5*i, -d*m - 4*i = 32. What is the units digit of (-20)/3*m/8?
0
Suppose 0 = -b + 4*b - 768. Suppose 4*k + m - b = -0*k, 4*m + 81 = k. What is the tens digit of k?
6
Suppose -122 + 102 = -4*o. Suppose o*l - 639 = -4*l. What is the tens digit of l?
7
Suppose 3*p - 9 = 3*i, -p - 3*i = -2*i - 7. Suppose p = -8*j + 133. What is the units digit of j?
6
Suppose 2*x + 1483 = n, -4*n - 2*x + 4441 = -n. What is the thousands digit of n?
1
Let j(d) = 18*d**2 - 4*d + 7. Let p be j(3). Let k = -77 + p. What is the tens digit of k?
8
Let t = 167 - -212. What is the hundreds digit of t?
3
Let s(b) = -2448*b**3 - 2*b**2 - 6*b - 4. What is the units digit of s(-1)?
8
Suppose 2295 - 683 = 5*v + 4*o, 975 = 3*v + 5*o. What is the units digit of v?
0
Suppose -2*l = t - 401, -95 = -3*t - 2*l + 1092. What is the tens digit of t?
9
Let n be ((2 - 2) + 0 + 7)*-3. What is the tens digit of 7/n*(-27)/(-1)*-10?
9
Suppose -9*o + 2*h - 1850 = -10*o, -4*h = -8. What is the units digit of o?
6
Let n = 25 + -31. What is the units digit of (11/2)/((-1)/n)?
3
Let k(o) = 27 - 7*o - 15*o - 5*o + 23*o. What is the units digit of k(-14)?
3
What is the tens digit of (12*10/3)/((-3)/(-24))?
2
Let z = 23 + -8. Suppose 2*t + 305 = 5*b - 3*t, -5*t = -z. What is the units digit of b?
4
Let h = -3 - -13. Let p(m) = 135*m - 275*m + m**2 - 13 + 133*m. What is the units digit of p(h)?
7
Suppose 0 = -8*h + 4*h + 8. Suppose 5*t - 47 = -3*i, -i = -2*i - h*t + 15. Suppose -5*u = -i - 1. What is the units digit of u?
4
Let i(p) = -p**3 + 6*p**2 - 2*p - 2. Let s be i(5). Let r(o) = -o**3 + 13*o**2 + 5*o + 3. What is the units digit of r(s)?
8
Let v be (0 + -1)*(8 - 5) - -163. Let i = 226 - v. What is the tens digit of i?
6
Let o be -59 - (2 + (-25)/5). Let m be ((-62)/5)/((-1)/10). Let v = o + m. What is the units digit of v?
8
Let y(v) = -97*v + 85. What is the hundreds digit of y(-9)?
9
Suppose -3*j + 0*j + 557 = f, -f - 5*j = -549. What is the hundreds digit of f?
5
Let q be (-20)/11 - ((-24)/(-11) - 2). What is the hundreds digit of 943/9 + q*(-5)/45?
1
Let v be 3/(-9) + (-19)/(-3). What is the tens digit of v/(-21) + 758/7?
0
Let y be -2 + 1 + -3 + 8. Suppose 0 = 2*d - 2, 367 - 5 = y*w + 2*d. What is the tens digit of w?
9
Suppose 5*w = -5*f + 245, -2*w - 44 + 172 = -4*f. Let t = -22 + w. What is the units digit of t?
2
Let b(s) = 84*s - 57. What is the units digit of b(5)?
3
Let j(y) = 1114*y**2 + 27*y - 52. What is the units digit of j(2)?
8
Suppose 213*u - 222*u = -486. What is the units digit of u?
4
Let t(b) = 5*b**2 - 3*b + 8. Let u(z) = -z**2 - 1. Let w(l) = -t(l) - 6*u(l). Let x be w(1). Suppose -10 = -3*j + x. What is the units digit of j?
4
Let m(g) = 8*g**2 + 2*g - 5. Let l = 31 + -34. What is the tens digit of m(l)?
6
Let o be ((-2)/(-6))/((-11)/(-66)). Let f(a) = 42*a - 2*a**o - 2 + a**2 - 34*a. What is the units digit of f(6)?
0
Let q = -160 + 448. What is the tens digit of q?
8
Suppose f + 8 = -122. Let r = f - -380. What is the hundreds digit of r?
2
Let s = -5204 - -9267. What is the tens digit of s?
6
Suppose -b - 5*c = -c - 20, -b + 15 = 3*c. Suppose b = -4*u - 0*u + 8. Suppose 0 = -u*w - 4*w + 168. What is the tens digit of w?
2
What is the tens digit of 200/(-240) - 11170/(-12)?
3
Let d be (15/(-9)*-3)/(-1). Let i(s) = -2*s + 10. Let k be i(d). Suppose -2*t = -104 - k. What is the tens digit of t?
6
Let t(k) = 8*k - 15. Let w(f) = 17*f - 30. Let y(v) = -9*t(v) + 4*w(v). Let a(z) = 11*z - 46. Let x(p) = -3*a(p) - 8*y(p). What is the units digit of x(-9)?
7
What is the hundreds digit of -3 + 1404/3 + 6?
4
Suppose -4 = t + 1, 3*o - 2030 = 4*t. Suppose 2*l + o = -3*l. What is the tens digit of 2/(-5) - l/10?
1
Suppose -7*a + 5*a - 6 = 0. What is the tens digit of (-3)/(-9) + (-107)/a?
3
Suppose -3*y + 5*y = 2. Let j be (y + 0)/(9/414). Suppose -5*c + 50 = 5*m, m - j = -3*c - 10. What is the units digit of c?
3
Let p = 972 + 84. Suppose p = 9*o - o. What is the hundreds digit of o?
1
Let v(i) = -51*i - 1. Let d be v(1). What is the tens digit of d/(-12)*6 - -2?
2
Suppose 42263 + 30313 = 24*g. What is the tens digit of g?
2
Suppose -22*d = -16310 + 4100. What is the hundreds digit of d?
5
Let b = 258 + 7. What is the units digit of b?
5
Suppose -m + 3*m + 24 = 0. What is the units digit of (m/(-8))/(-1)*-66?
9
Let a(f) = 4*f - 17. Let w be a(5). Suppose -2*y + 618 = w*b + y, y + 415 = 2*b. What is the hundreds digit of b?
2
Suppose 0 = z + 4*y - 23, -5*y + 16 + 15 = 2*z. Suppose -3*p = -z*j - 267, -j + 168 = 2*p + 2*j. What is the tens digit of p?
8
Suppose -2*v + p + 1392 = 301, -v = -4*p - 535. What is the units digit of v?
7
Suppose f - 2129 = -5*n, -5*n + 1496 = 2*f - 632. What is the tens digit of n?
2
Let k(u) be the second derivative of -u**4/12 + 4*u**3/3 - 9*u**2/2 - 3*u. Suppose -2*z - 14 = -t, 4*t + 3*z = -0*t + 12. What is th